{"id":253437,"date":"2026-09-04T12:16:01","date_gmt":"2026-09-04T10:16:01","guid":{"rendered":"https:\/\/www.serbski-institut.de\/serbski-kulturny-archiw\/dfg-projekt-bogumil-swjela\/"},"modified":"2026-09-04T12:24:07","modified_gmt":"2026-09-04T10:24:07","slug":"dfg-projekt-bogumil-swjela","status":"publish","type":"page","link":"https:\/\/www.serbski-institut.de\/os\/serbski-kulturny-archiw\/dfg-projekt-bogumil-swjela\/","title":{"rendered":"Projekt DFG \u201eWobstatkowe knihi a archiwaliske \u017e\u00f3r\u0142a: digitalizacija a nadrobne wopisowanje zawostajenstwa Bogumi\u0142a \u0160wjele\u201c"},"content":{"rendered":"","protected":false},"excerpt":{"rendered":"","protected":false},"author":32,"featured_media":0,"parent":3090,"menu_order":0,"comment_status":"closed","ping_status":"closed","template":"","meta":{"_acf_changed":false,"footnotes":""},"class_list":["post-253437","page","type-page","status-publish","hentry"],"acf":[],"_links":{"self":[{"href":"https:\/\/www.serbski-institut.de\/os\/wp-json\/wp\/v2\/pages\/253437","targetHints":{"allow":["GET"]}}],"collection":[{"href":"https:\/\/www.serbski-institut.de\/os\/wp-json\/wp\/v2\/pages"}],"about":[{"href":"https:\/\/www.serbski-institut.de\/os\/wp-json\/wp\/v2\/types\/page"}],"author":[{"embeddable":true,"href":"https:\/\/www.serbski-institut.de\/os\/wp-json\/wp\/v2\/users\/32"}],"replies":[{"embeddable":true,"href":"https:\/\/www.serbski-institut.de\/os\/wp-json\/wp\/v2\/comments?post=253437"}],"version-history":[{"count":1,"href":"https:\/\/www.serbski-institut.de\/os\/wp-json\/wp\/v2\/pages\/253437\/revisions"}],"predecessor-version":[{"id":253441,"href":"https:\/\/www.serbski-institut.de\/os\/wp-json\/wp\/v2\/pages\/253437\/revisions\/253441"}],"up":[{"embeddable":true,"href":"https:\/\/www.serbski-institut.de\/os\/wp-json\/wp\/v2\/pages\/3090"}],"wp:attachment":[{"href":"https:\/\/www.serbski-institut.de\/os\/wp-json\/wp\/v2\/media?parent=253437"}],"curies":[{"name":"wp","href":"https:\/\/api.w.org\/{rel}","templated":true}]}}

Projekt DFG „Wobstatkowe knihi a archiwaliske žórła: digitalizacija a nadrobne wopisowanje zawostajenstwa Bogumiła Šwjele“
