{"id":5810,"date":"2022-01-31T16:38:55","date_gmt":"2022-01-31T15:38:55","guid":{"rendered":"https:\/\/beta.serbski-institut.de\/sledzenje\/regionalne-wuwice-a-skit-mjensinow\/"},"modified":"2025-09-18T11:00:55","modified_gmt":"2025-09-18T09:00:55","slug":"regionalne-wuwice-a-skit-mjensinow","status":"publish","type":"page","link":"https:\/\/www.serbski-institut.de\/os\/sledzenje\/regionalne-wuwice-a-skit-mjensinow\/","title":{"rendered":"Regionalne wuwi\u0107e a \u0161kit mje\u0144\u0161in"},"content":{"rendered":"<p>Wotrjad za <a href=\"https:\/\/www.serbski-institut.de\/neue-forschungsabteilung-fuer-regionalentwicklung-und-minderheitenschutz-nimmt-arbeit-auf\/\">regionalne wuwi\u0107e a \u0161kit mje\u0144\u0161in<\/a> tematizuje serbske \u017eiwjenje z po\u0107ahom na p\u0159itomnos\u0107 w procesu towar\u0161nostnych zm\u011bnow. W\u00f3n p\u0159epytuje wuskutki tutych zm\u011bnow na serbsku mje\u0144\u0161inu a p\u0159ewod\u017aa a podp\u011bruje p\u0159im\u011brjenske strategije Serbow. D\u017a\u011b\u0142o wotrjada za regionalne wuwi\u0107e a \u0161kit mje\u0144\u0161in po\u0107ahuje so potajkim na politiku a jednanje.<\/p>\n<p>Wotrjad koncentruje so p\u0159edew\u0161\u011bm na dwaj d\u017a\u011b\u0142owej wob\u0142ukaj: rewitalizaciju serbskeje r\u011b\u010de a walorizaciju serbskeje kultury. Jeho sobud\u017a\u011b\u0142a\u0107erjo d\u017a\u011b\u0142aja wusko ze w\u0161\u011bmi wa\u017enymi zajimowymi skupinami a lokalnymi akterami hromad\u017ae. K tomu organizuja z nimi wobd\u017a\u011blenske procesy a podp\u011bruja je ze sw\u00f3jskimi sl\u011bd\u017aenjemi. Wa\u017eny wobstatk d\u017a\u011b\u0142a je nimo toho systematiske a wob\u0161\u011brne, mjezynarodnje p\u0159irunowace mje\u0144\u0161inowe sl\u011bd\u017aenje.<\/p>\n<p>Je zdobom cil, wot mjezynarodnych nazhonjenjow wukny\u0107 ka\u017e te\u017e wjace ha\u010d dotal k mjezynarodnemu mje\u0144\u0161inowemu sl\u011bd\u017aenju p\u0159ino\u0161owa\u0107.<br \/>\nP\u0159ez wuraznu orientaciju na na\u0142o\u017eowanje je metodiske \u0107e\u017ei\u0161\u0107o monitoring a ewaluacija naprawow za sp\u011bchowanje serbskeje kultury a r\u011b\u010de. Z tym zesylni Serbski institut swoju kompetencu za na ewidency bazowace porad\u017aowanje politiki.<\/p>\n<p>Pra\u0161enja wotrjada za regionalne wuwi\u0107e a mje\u0144\u0161inowy \u0161kit nastupaja najw\u0161elakori\u0161e prawniske, planowanske, hospodarske, kub\u0142anske a dal\u0161e aspekty, kotre\u017e njem\u00f3\u017ea so w\u0161itke w Serbskim institu\u0107e wobd\u017a\u011b\u0142a\u0107. Tohodla s\u0142u\u0161a k nadawkam wotrjada dalewuwiwanje zhromadneho d\u017a\u011b\u0142a z w\u011bdomostnymi institucijemi w regionje ka\u017e te\u017e narodneho a mjezynarodneho sple\u0107enja.<\/p>\n<p>Za\u0142o\u017eenje wotrjada je jedyn ze \u0161\u011bs\u0107 hi\u017eo postajenych serbskich projektow w Braniborskej ze sp\u011bchowanskeho programa Zwjazka \u201eSerbska r\u011b\u010d a kultura w strukturnej zm\u011bnje\u201c (p\u0159ir. <a href=\"https:\/\/www.serbski-institut.de\/19-millionen-euro-fuer-sorbische-wendische-projekte-sorbisches-institut-setzt-zwei-der-sechs-gefoerderten-vorhaben-um\/\">medijowu informaciju MWFK\/SI wot 16.7.2021<\/a>).<\/p>\n<p><em>Projekt sp\u011bchuje Za\u0142o\u017eba za serbski lud ze sr\u011bdkow Zwjazkoweho ministerstwa za nut\u0159kowne na zak\u0142ad\u017ae wobzamknjenja N\u011bmskeho Zwjazkoweho sejma.<\/em><\/p>\n","protected":false},"excerpt":{"rendered":"<p>Wotrjad za regionalne wuwi\u0107e a \u0161kit mje\u0144\u0161in tematizuje serbske \u017eiwjenje z po\u0107ahom na p\u0159itomnos\u0107 w procesu towar\u0161nostnych zm\u011bnow. W\u00f3n p\u0159epytuje wuskutki tutych zm\u011bnow na serbsku mje\u0144\u0161inu a p\u0159ewod\u017aa a podp\u011bruje p\u0159im\u011brjenske strategije Serbow. D\u017a\u011b\u0142o wotrjada za regionalne wuwi\u0107e a \u0161kit mje\u0144\u0161in po\u0107ahuje so potajkim na politiku a jednanje. Wotrjad koncentruje so p\u0159edew\u0161\u011bm na dwaj d\u017a\u011b\u0142owej [&hellip;]<\/p>\n","protected":false},"author":32,"featured_media":0,"parent":3086,"menu_order":5,"comment_status":"closed","ping_status":"closed","template":"","meta":{"_acf_changed":false,"footnotes":""},"class_list":["post-5810","page","type-page","status-publish","hentry"],"acf":[],"_links":{"self":[{"href":"https:\/\/www.serbski-institut.de\/os\/wp-json\/wp\/v2\/pages\/5810","targetHints":{"allow":["GET"]}}],"collection":[{"href":"https:\/\/www.serbski-institut.de\/os\/wp-json\/wp\/v2\/pages"}],"about":[{"href":"https:\/\/www.serbski-institut.de\/os\/wp-json\/wp\/v2\/types\/page"}],"author":[{"embeddable":true,"href":"https:\/\/www.serbski-institut.de\/os\/wp-json\/wp\/v2\/users\/32"}],"replies":[{"embeddable":true,"href":"https:\/\/www.serbski-institut.de\/os\/wp-json\/wp\/v2\/comments?post=5810"}],"version-history":[{"count":37,"href":"https:\/\/www.serbski-institut.de\/os\/wp-json\/wp\/v2\/pages\/5810\/revisions"}],"predecessor-version":[{"id":249649,"href":"https:\/\/www.serbski-institut.de\/os\/wp-json\/wp\/v2\/pages\/5810\/revisions\/249649"}],"up":[{"embeddable":true,"href":"https:\/\/www.serbski-institut.de\/os\/wp-json\/wp\/v2\/pages\/3086"}],"wp:attachment":[{"href":"https:\/\/www.serbski-institut.de\/os\/wp-json\/wp\/v2\/media?parent=5810"}],"curies":[{"name":"wp","href":"https:\/\/api.w.org\/{rel}","templated":true}]}}

Regionalne wuwiće a škit mjeńšin

<p>Wotrjad za <a href="https://www.serbski-institut.de/neue-forschungsabteilung-fuer-regionalentwicklung-und-minderheitenschutz-nimmt-arbeit-auf/">regionalne wuwiće a škit mjeńšin</a> tematizuje serbske žiwjenje z poćahom na přitomnosć w procesu towaršnostnych změnow. Wón přepytuje wuskutki tutych změnow na serbsku mjeńšinu a přewodźa a podpěruje přiměrjenske strategije Serbow. Dźěło wotrjada za regionalne wuwiće a škit mjeńšin poćahuje so potajkim na politiku a jednanje.</p>
<p>Wotrjad koncentruje so předewšěm na dwaj dźěłowej wobłukaj: rewitalizaciju serbskeje rěče a walorizaciju serbskeje kultury. Jeho sobudźěłaćerjo dźěłaja wusko ze wšěmi wažnymi zajimowymi skupinami a lokalnymi akterami hromadźe. K tomu organizuja z nimi wobdźělenske procesy a podpěruja je ze swójskimi slědźenjemi. Wažny wobstatk dźěła je nimo toho systematiske a wobšěrne, mjezynarodnje přirunowace mjeńšinowe slědźenje.</p>
<p>Je zdobom cil, wot mjezynarodnych nazhonjenjow wuknyć kaž tež wjace hač dotal k mjezynarodnemu mjeńšinowemu slědźenju přinošować.<br />
Přez wuraznu orientaciju na nałožowanje je metodiske ćežišćo monitoring a ewaluacija naprawow za spěchowanje serbskeje kultury a rěče. Z tym zesylni Serbski institut swoju kompetencu za na ewidency bazowace poradźowanje politiki.</p>
<p>Prašenja wotrjada za regionalne wuwiće a mjeńšinowy škit nastupaja najwšelakoriše prawniske, planowanske, hospodarske, kubłanske a dalše aspekty, kotrež njemóža so wšitke w Serbskim instituće wobdźěłać. Tohodla słuša k nadawkam wotrjada dalewuwiwanje zhromadneho dźěła z wědomostnymi institucijemi w regionje kaž tež narodneho a mjezynarodneho splećenja.</p>
<p>Załoženje wotrjada je jedyn ze šěsć hižo postajenych serbskich projektow w Braniborskej ze spěchowanskeho programa Zwjazka „Serbska rěč a kultura w strukturnej změnje“ (přir. <a href="https://www.serbski-institut.de/19-millionen-euro-fuer-sorbische-wendische-projekte-sorbisches-institut-setzt-zwei-der-sechs-gefoerderten-vorhaben-um/">medijowu informaciju MWFK/SI wot 16.7.2021</a>).</p>
<p><em>Projekt spěchuje Załožba za serbski lud ze srědkow Zwjazkoweho ministerstwa za nutřkowne na zakładźe wobzamknjenja Němskeho Zwjazkoweho sejma.</em></p>

<p>Wotrjad za regionalne wuwiće a škit mjeńšin tematizuje serbske žiwjenje z poćahom na přitomnosć w procesu towaršnostnych změnow. Wón přepytuje wuskutki tutych změnow na serbsku mjeńšinu a přewodźa a podpěruje přiměrjenske strategije Serbow. Dźěło wotrjada za regionalne wuwiće a škit mjeńšin poćahuje so potajkim na politiku a jednanje. Wotrjad koncentruje so předewšěm na dwaj dźěłowej [&hellip;]</p>
