{"id":5885,"date":"2022-02-01T15:28:46","date_gmt":"2022-02-01T14:28:46","guid":{"rendered":"https:\/\/beta.serbski-institut.de\/sledzenje\/konferency\/"},"modified":"2022-03-11T11:45:50","modified_gmt":"2022-03-11T10:45:50","slug":"konferency","status":"publish","type":"page","link":"https:\/\/www.serbski-institut.de\/os\/sledzenje\/konferency\/","title":{"rendered":"Konferency"},"content":{"rendered":"<p>Na tutym m\u011bstnje poski\u0107imy p\u0159ehlad wo za\u0161\u0142ych konferencach Serbskeho instituta.<br \/>\nAktualne konferency namaka\u0107e w <a href=\"https:\/\/www.serbski-institut.de\/aktuelles\/veranstaltungen\/\">p\u0159ehled\u017ae zarjadowanjow<\/a>.<\/p>\n","protected":false},"excerpt":{"rendered":"<p>Na tutym m\u011bstnje poski\u0107imy p\u0159ehlad wo za\u0161\u0142ych konferencach Serbskeho instituta. Aktualne konferency namaka\u0107e w p\u0159ehled\u017ae zarjadowanjow.<\/p>\n","protected":false},"author":32,"featured_media":0,"parent":3086,"menu_order":13,"comment_status":"closed","ping_status":"closed","template":"archive-tagungen.php","meta":{"_acf_changed":false,"footnotes":""},"class_list":["post-5885","page","type-page","status-publish","hentry"],"acf":[],"_links":{"self":[{"href":"https:\/\/www.serbski-institut.de\/os\/wp-json\/wp\/v2\/pages\/5885","targetHints":{"allow":["GET"]}}],"collection":[{"href":"https:\/\/www.serbski-institut.de\/os\/wp-json\/wp\/v2\/pages"}],"about":[{"href":"https:\/\/www.serbski-institut.de\/os\/wp-json\/wp\/v2\/types\/page"}],"author":[{"embeddable":true,"href":"https:\/\/www.serbski-institut.de\/os\/wp-json\/wp\/v2\/users\/32"}],"replies":[{"embeddable":true,"href":"https:\/\/www.serbski-institut.de\/os\/wp-json\/wp\/v2\/comments?post=5885"}],"version-history":[{"count":2,"href":"https:\/\/www.serbski-institut.de\/os\/wp-json\/wp\/v2\/pages\/5885\/revisions"}],"predecessor-version":[{"id":11786,"href":"https:\/\/www.serbski-institut.de\/os\/wp-json\/wp\/v2\/pages\/5885\/revisions\/11786"}],"up":[{"embeddable":true,"href":"https:\/\/www.serbski-institut.de\/os\/wp-json\/wp\/v2\/pages\/3086"}],"wp:attachment":[{"href":"https:\/\/www.serbski-institut.de\/os\/wp-json\/wp\/v2\/media?parent=5885"}],"curies":[{"name":"wp","href":"https:\/\/api.w.org\/{rel}","templated":true}]}}

<p>Na tutym městnje poskićimy přehlad wo zašłych konferencach Serbskeho instituta.<br />
Aktualne konferency namakaće w <a href="https://www.serbski-institut.de/aktuelles/veranstaltungen/">přehledźe zarjadowanjow</a>.</p>

<p>Na tutym městnje poskićimy přehlad wo zašłych konferencach Serbskeho instituta. Aktualne konferency namakaće w přehledźe zarjadowanjow.</p>
