{"id":5901,"date":"2022-02-01T17:07:16","date_gmt":"2022-02-01T16:07:16","guid":{"rendered":"https:\/\/beta.serbski-institut.de\/serbska-centralna-biblioteka\/wirtuelna-citarnja\/fotografiske-zberki-z-wobstatkow-ska\/"},"modified":"2022-02-01T17:07:16","modified_gmt":"2022-02-01T16:07:16","slug":"fotografiske-zberki-z-wobstatkow-ska","status":"publish","type":"page","link":"https:\/\/www.serbski-institut.de\/os\/serbska-centralna-biblioteka\/wirtuelna-citarnja\/fotografiske-zberki-z-wobstatkow-ska\/","title":{"rendered":"Fotografiske zb\u011brki z wobstatkow SKA"},"content":{"rendered":"<p>Digitalna prezentacija wubranych zb\u011brkow z wobstatka Serbskeho kulturneho archiwa nasta w zhromadnym d\u017a\u011ble z Drje\u017ed\u017aanskej N\u011bmskej fototeku (Sakska krajna biblioteka \u2013 Statna a uniwersitna biblioteka Drje\u017ed\u017aany).<\/p>\n<p>Fotowe zb\u011brki Serbskeho instituta wobp\u0159ija tu\u010dasnje \u0161tyri d\u017a\u011blne wob\u0142uki:<\/p>\n<ul>\n<li>Ludow\u011bdna zb\u011brka byw\u0161eho Instituta za serbski ludospyt<\/li>\n<li>Portrety p\u0159edew\u0161\u011bm Serbowkow w katolskej narodnej dras\u0107e (carte-de-visite ze zb\u011brki Jana Me\u0161kanka)<\/li>\n<li>\u0141u\u017eiska ludow\u011bda a krajopis z l\u011bta 1954-1956 (zb\u011brka Arno\u0161ta \u010cernika)<\/li>\n<li>D\u017a\u011blne zawostajenstwo nowinarskeho fotografa Kurta Hajny (Kurt Heine)<\/li>\n<\/ul>\n<p>Fota su z wotpow\u011bdnymi wobrazami N\u011bmskeje fototeki w kolekciji \u201eSerbska Kultura\u201c \/ \u201eSorbische Kultur\u201c zhromad\u017aene a k pytanju k dispozicij. Zb\u011brka je te\u017e p\u0159ez portalej <a href=\"https:\/\/sachsen.digital\/sammlungen\/\" target=\"_blank\" rel=\"noopener\">Sachsen.digital\/Sammlungen<\/a> ka\u017e te\u017e p\u0159ez Deutsche digitale Bibliothek p\u0159istupna.<\/p>\n<p><a href=\"http:\/\/www.deutschefotothek.de\/cms\/sorben.xml\" target=\"_blank\" rel=\"noopener\">Kolekcija \u201eSorbische Kultur\u201c w N\u011bmskej fototece<\/a><\/p>\n","protected":false},"excerpt":{"rendered":"<p>Digitalna prezentacija wubranych zb\u011brkow z wobstatka Serbskeho kulturneho archiwa nasta w zhromadnym d\u017a\u011ble z Drje\u017ed\u017aanskej N\u011bmskej fototeku (Sakska krajna biblioteka \u2013 Statna a uniwersitna biblioteka Drje\u017ed\u017aany). Fotowe zb\u011brki Serbskeho instituta wobp\u0159ija tu\u010dasnje \u0161tyri d\u017a\u011blne wob\u0142uki: Ludow\u011bdna zb\u011brka byw\u0161eho Instituta za serbski ludospyt Portrety p\u0159edew\u0161\u011bm Serbowkow w katolskej narodnej dras\u0107e (carte-de-visite ze zb\u011brki Jana Me\u0161kanka) \u0141u\u017eiska [&hellip;]<\/p>\n","protected":false},"author":32,"featured_media":0,"parent":5888,"menu_order":0,"comment_status":"closed","ping_status":"closed","template":"","meta":{"_acf_changed":false,"footnotes":""},"class_list":["post-5901","page","type-page","status-publish","hentry"],"acf":[],"_links":{"self":[{"href":"https:\/\/www.serbski-institut.de\/os\/wp-json\/wp\/v2\/pages\/5901","targetHints":{"allow":["GET"]}}],"collection":[{"href":"https:\/\/www.serbski-institut.de\/os\/wp-json\/wp\/v2\/pages"}],"about":[{"href":"https:\/\/www.serbski-institut.de\/os\/wp-json\/wp\/v2\/types\/page"}],"author":[{"embeddable":true,"href":"https:\/\/www.serbski-institut.de\/os\/wp-json\/wp\/v2\/users\/32"}],"replies":[{"embeddable":true,"href":"https:\/\/www.serbski-institut.de\/os\/wp-json\/wp\/v2\/comments?post=5901"}],"version-history":[{"count":0,"href":"https:\/\/www.serbski-institut.de\/os\/wp-json\/wp\/v2\/pages\/5901\/revisions"}],"up":[{"embeddable":true,"href":"https:\/\/www.serbski-institut.de\/os\/wp-json\/wp\/v2\/pages\/5888"}],"wp:attachment":[{"href":"https:\/\/www.serbski-institut.de\/os\/wp-json\/wp\/v2\/media?parent=5901"}],"curies":[{"name":"wp","href":"https:\/\/api.w.org\/{rel}","templated":true}]}}

Fotografiske zběrki z wobstatkow SKA

<p>Digitalna prezentacija wubranych zběrkow z wobstatka Serbskeho kulturneho archiwa nasta w zhromadnym dźěle z Drježdźanskej Němskej fototeku (Sakska krajna biblioteka – Statna a uniwersitna biblioteka Drježdźany).</p>
<p>Fotowe zběrki Serbskeho instituta wobpřija tučasnje štyri dźělne wobłuki:</p>
<ul>
<li>Ludowědna zběrka bywšeho Instituta za serbski ludospyt</li>
<li>Portrety předewšěm Serbowkow w katolskej narodnej drasće (carte-de-visite ze zběrki Jana Meškanka)</li>
<li>Łužiska ludowěda a krajopis z lěta 1954-1956 (zběrka Arnošta Černika)</li>
<li>Dźělne zawostajenstwo nowinarskeho fotografa Kurta Hajny (Kurt Heine)</li>
</ul>
<p>Fota su z wotpowědnymi wobrazami Němskeje fototeki w kolekciji „Serbska Kultura“ / „Sorbische Kultur“ zhromadźene a k pytanju k dispozicij. Zběrka je tež přez portalej <a href="https://sachsen.digital/sammlungen/" target="_blank" rel="noopener">Sachsen.digital/Sammlungen</a> kaž tež přez Deutsche digitale Bibliothek přistupna.</p>
<p><a href="http://www.deutschefotothek.de/cms/sorben.xml" target="_blank" rel="noopener">Kolekcija „Sorbische Kultur“ w Němskej fototece</a></p>

<p>Digitalna prezentacija wubranych zběrkow z wobstatka Serbskeho kulturneho archiwa nasta w zhromadnym dźěle z Drježdźanskej Němskej fototeku (Sakska krajna biblioteka – Statna a uniwersitna biblioteka Drježdźany). Fotowe zběrki Serbskeho instituta wobpřija tučasnje štyri dźělne wobłuki: Ludowědna zběrka bywšeho Instituta za serbski ludospyt Portrety předewšěm Serbowkow w katolskej narodnej drasće (carte-de-visite ze zběrki Jana Meškanka) Łužiska [&hellip;]</p>
