{"id":6860,"date":"2022-02-25T16:15:52","date_gmt":"2022-02-25T15:15:52","guid":{"rendered":"https:\/\/beta.serbski-institut.de\/sledzenje\/kulturne-wedomosce\/sledzerske-cezisco-institucionalizacija-serbskeje-kultury-w-casu-moderny\/"},"modified":"2022-12-13T16:09:57","modified_gmt":"2022-12-13T15:09:57","slug":"sledzerske-cezisco-institucionalizacija-serbskeje-kultury-w-casu-moderny","status":"publish","type":"page","link":"https:\/\/www.serbski-institut.de\/os\/sledzenje\/kulturne-wedomosce\/sledzerske-cezisco-institucionalizacija-serbskeje-kultury-w-casu-moderny\/","title":{"rendered":"Sl\u011bd\u017aerske \u0107e\u017ei\u0161\u0107o &#8220;Institucionalizacija serbskeje kultury w \u010dasu moderny&#8221;"},"content":{"rendered":"<p>Nowo\u010dasne stawizny Serbow su stawizny wob\u0161\u011brneje institucionalizacije kulturneje diferency. Wosebje w b\u011bhu (kr\u00f3tkeho) 20. l\u011btstotka, a z tym \u2013 runje abo paradoksnje \u2013 w \u010dasu h\u0142uboko sahacych politiskich a towar\u0161nostnych p\u0159em\u011bnow, docp\u011b institucionelne a organizatoriske wuwi\u0107e a p\u0159ekisanje serbskeje eksistency sw\u00f3j wjer\u0161k. Wusko z tutym wuwi\u0107om zwjazane b\u011b\u0161e funkcionalne wudiferencowanje serbskeje towar\u0161nos\u0107e do w\u0161elakich socialnych polow ze sw\u00f3jskimi institucionelnymi strukturami \u2013 p\u0159edew\u0161\u011bm we wob\u0142uku politiskeho sobu- a samopostajowanja, r\u011b\u010dneje politiki a hajenja r\u011b\u010de, hospodarstwa, nabo\u017einy, wum\u011b\u0142skeje artikulacije, prezentacije w masowych medijach ka\u017e te\u017e w konteks\u0107e kub\u0142anja a w\u011bdomos\u0107e. Z tym zwjazana b\u011b sk\u00f3n\u010dnje p\u0159ib\u011braca profesionalizacija serbskeje kulturneje praksy, kotra\u017e zwurazni so wosebje w specializaciji kulturelnych kompetencow, monetarizaciji kulturnych wukonow ka\u017e te\u017e w jich komercializaciji.<\/p>\n<p>W centrumje sl\u011bd\u017aerskeho \u0107e\u017ei\u0161\u0107a steji pra\u0161enje za pom\u011brom mjez institucionalizaciju a kulturnymi ka\u017e te\u017e socialnymi zm\u011bnami w nowo\u010dasnych stawiznach Serbow. Institucije wobhladuja so p\u0159i tym w normatiwnej ka\u017e organizaciskej dimensiji jako bytostne wum\u011bnjenje ambiwalentneho zaru\u010denja w\u011bstoty serbskeje kultury w modernje. Staja so tu\u017e na jednej pra\u0161enje, w kotrej formje p\u0159ino\u0161uja institucionelne aran\u017eementy k skru\u0107enju kulturneje suwerenity a reziliency pola Serbow. Na druhej stronje so p\u0159epytuje, hd\u017ae su institucionelne mechanizmy (zam\u011brnje abo nimow\u00f3lnje) na destabilizowace a delegitimizowace wa\u0161nje na serbskos\u0107 skutkowali a jeje wulnerabelnos\u0107 zwy\u0161ili.<\/p>\n","protected":false},"excerpt":{"rendered":"<p>Nowo\u010dasne stawizny Serbow su stawizny wob\u0161\u011brneje institucionalizacije kulturneje diferency. Wosebje w b\u011bhu (kr\u00f3tkeho) 20. l\u011btstotka, a z tym \u2013 runje abo paradoksnje \u2013 w \u010dasu h\u0142uboko sahacych politiskich a towar\u0161nostnych p\u0159em\u011bnow, docp\u011b institucionelne a organizatoriske wuwi\u0107e a p\u0159ekisanje serbskeje eksistency sw\u00f3j wjer\u0161k. Wusko z tutym wuwi\u0107om zwjazane b\u011b\u0161e funkcionalne wudiferencowanje serbskeje towar\u0161nos\u0107e do w\u0161elakich socialnych [&hellip;]<\/p>\n","protected":false},"author":32,"featured_media":7807,"parent":3087,"menu_order":0,"comment_status":"closed","ping_status":"closed","template":"archive-projekte_kw.php","meta":{"_acf_changed":false,"footnotes":""},"class_list":["post-6860","page","type-page","status-publish","has-post-thumbnail","hentry"],"acf":[],"_links":{"self":[{"href":"https:\/\/www.serbski-institut.de\/os\/wp-json\/wp\/v2\/pages\/6860","targetHints":{"allow":["GET"]}}],"collection":[{"href":"https:\/\/www.serbski-institut.de\/os\/wp-json\/wp\/v2\/pages"}],"about":[{"href":"https:\/\/www.serbski-institut.de\/os\/wp-json\/wp\/v2\/types\/page"}],"author":[{"embeddable":true,"href":"https:\/\/www.serbski-institut.de\/os\/wp-json\/wp\/v2\/users\/32"}],"replies":[{"embeddable":true,"href":"https:\/\/www.serbski-institut.de\/os\/wp-json\/wp\/v2\/comments?post=6860"}],"version-history":[{"count":3,"href":"https:\/\/www.serbski-institut.de\/os\/wp-json\/wp\/v2\/pages\/6860\/revisions"}],"predecessor-version":[{"id":7840,"href":"https:\/\/www.serbski-institut.de\/os\/wp-json\/wp\/v2\/pages\/6860\/revisions\/7840"}],"up":[{"embeddable":true,"href":"https:\/\/www.serbski-institut.de\/os\/wp-json\/wp\/v2\/pages\/3087"}],"wp:featuredmedia":[{"embeddable":true,"href":"https:\/\/www.serbski-institut.de\/os\/wp-json\/wp\/v2\/media\/7807"}],"wp:attachment":[{"href":"https:\/\/www.serbski-institut.de\/os\/wp-json\/wp\/v2\/media?parent=6860"}],"curies":[{"name":"wp","href":"https:\/\/api.w.org\/{rel}","templated":true}]}}

Slědźerske ćežišćo &#8220;Institucionalizacija serbskeje kultury w času moderny&#8221;

<p>Nowočasne stawizny Serbow su stawizny wobšěrneje institucionalizacije kulturneje diferency. Wosebje w běhu (krótkeho) 20. lětstotka, a z tym – runje abo paradoksnje – w času hłuboko sahacych politiskich a towaršnostnych přeměnow, docpě institucionelne a organizatoriske wuwiće a překisanje serbskeje eksistency swój wjeršk. Wusko z tutym wuwićom zwjazane běše funkcionalne wudiferencowanje serbskeje towaršnosće do wšelakich socialnych polow ze swójskimi institucionelnymi strukturami – předewšěm we wobłuku politiskeho sobu- a samopostajowanja, rěčneje politiki a hajenja rěče, hospodarstwa, nabožiny, wuměłskeje artikulacije, prezentacije w masowych medijach kaž tež w konteksće kubłanja a wědomosće. Z tym zwjazana bě skónčnje přiběraca profesionalizacija serbskeje kulturneje praksy, kotraž zwurazni so wosebje w specializaciji kulturelnych kompetencow, monetarizaciji kulturnych wukonow kaž tež w jich komercializaciji.</p>
<p>W centrumje slědźerskeho ćežišća steji prašenje za poměrom mjez institucionalizaciju a kulturnymi kaž tež socialnymi změnami w nowočasnych stawiznach Serbow. Institucije wobhladuja so při tym w normatiwnej kaž organizaciskej dimensiji jako bytostne wuměnjenje ambiwalentneho zaručenja wěstoty serbskeje kultury w modernje. Staja so tuž na jednej prašenje, w kotrej formje přinošuja institucionelne aranžementy k skrućenju kulturneje suwerenity a reziliency pola Serbow. Na druhej stronje so přepytuje, hdźe su institucionelne mechanizmy (zaměrnje abo nimowólnje) na destabilizowace a delegitimizowace wašnje na serbskosć skutkowali a jeje wulnerabelnosć zwyšili.</p>

<p>Nowočasne stawizny Serbow su stawizny wobšěrneje institucionalizacije kulturneje diferency. Wosebje w běhu (krótkeho) 20. lětstotka, a z tym – runje abo paradoksnje – w času hłuboko sahacych politiskich a towaršnostnych přeměnow, docpě institucionelne a organizatoriske wuwiće a překisanje serbskeje eksistency swój wjeršk. Wusko z tutym wuwićom zwjazane běše funkcionalne wudiferencowanje serbskeje towaršnosće do wšelakich socialnych [&hellip;]</p>
