{"id":6869,"date":"2022-02-25T16:22:54","date_gmt":"2022-02-25T15:22:54","guid":{"rendered":"https:\/\/beta.serbski-institut.de\/sledzenje\/kulturne-wedomosce\/sledzerske-cezisco-ziwjenske-wasnja-we-luzicy-w-21-letstotku\/"},"modified":"2024-09-16T13:43:22","modified_gmt":"2024-09-16T11:43:22","slug":"sledzerske-cezisco-ziwjenske-wasnja-we-luzicy-w-21-letstotku","status":"publish","type":"page","link":"https:\/\/www.serbski-institut.de\/os\/sledzenje\/kulturne-wedomosce\/sledzerske-cezisco-ziwjenske-wasnja-we-luzicy-w-21-letstotku\/","title":{"rendered":"Sl\u011bd\u017aerske \u0107e\u017ei\u0161\u0107o &#8220;\u017diwjenske wa\u0161nja we \u0141u\u017eicy w 21. l\u011btstotku&#8221;"},"content":{"rendered":"<p>\u017diwjenske wa\u0161nja etniskich mje\u0144\u0161in steja w modernych towar\u0161nos\u0107ach pod njema\u0142ym p\u0159im\u011brjenskim a asimilaciskim \u0107i\u0161\u0107om. Fokus w sl\u011bd\u017aerskim \u0107e\u017ei\u0161\u0107u m\u011bri so p\u0159ed tutym pozadkom na d\u017aensni\u0161e \u017eiwjenske wa\u0161nja we wjacer\u011b\u010dnej \u0141u\u017eicy. Hospodarske, politiske a demografiske strukturne zm\u011bny wjedu k elementarnemu p\u0159etworjenju w\u0161\u011bdnych kulturnych praktikow. Tute zm\u011bny njepokazuja so jeno\u017e w scenarijach pozhubjenja, ale runje tak w nowych strategijach zadomjenja a w kulturnych taktikach, z kotrymi\u017e akterki a akterojo na zm\u011bny w swojej \u017eiwjenskej wokolinje reaguja (Trummer 2015: 140). Tu\u017e hod\u017ai so na mnohich m\u011bstnach te\u017e witalizacija resp. rewitalizacija mje\u0144\u0161inowych kulturow sp\u00f3zna\u0107.<\/p>\n<p>Sl\u011bd\u017aerske \u0107e\u017ei\u0161\u0107o staja t\u0159i centralne sl\u011bd\u017aerske pra\u0161enja do srjed\u017ai\u0161\u0107a, kotre\u017e su w\u0161itkim p\u0159irjadowanym projektam imanentne: Kak konstituuje so d\u017aensa wjesne serbske, bi- a wjacekulturne w\u0161\u011bdne \u017eiwjenje w swojej kompleksnos\u0107i? Kajke socialne mechanizmy p\u0159ino\u0161uja k (re-)witalizaciji serbskeje kultury a na kotre wa\u0161nje m\u00f3\u017ea p\u0159is\u0142u\u0161nicy mje\u0144\u0161inowych kulturow sami k jeje zachowanju p\u0159ino\u0161owa\u0107 a jeje wuwi\u0107e wobwliwowa\u0107?<\/p>\n<p>r\u011b\u010dnikaj: <a href=\"https:\/\/www.serbski-institut.de\/os\/?post_type=mitarbeiter&#038;p=10825\">dr. Anca Claudia Prodan<\/a>, <a href=\"https:\/\/www.serbski-institut.de\/mitarbeiter\/dr-fabian-jacobs\/\">dr. Fabian Jacobs<\/a><\/p>\n","protected":false},"excerpt":{"rendered":"<p>\u017diwjenske wa\u0161nja etniskich mje\u0144\u0161in steja w modernych towar\u0161nos\u0107ach pod njema\u0142ym p\u0159im\u011brjenskim a asimilaciskim \u0107i\u0161\u0107om. Fokus w sl\u011bd\u017aerskim \u0107e\u017ei\u0161\u0107u m\u011bri so p\u0159ed tutym pozadkom na d\u017aensni\u0161e \u017eiwjenske wa\u0161nja we wjacer\u011b\u010dnej \u0141u\u017eicy. Hospodarske, politiske a demografiske strukturne zm\u011bny wjedu k elementarnemu p\u0159etworjenju w\u0161\u011bdnych kulturnych praktikow. Tute zm\u011bny njepokazuja so jeno\u017e w scenarijach pozhubjenja, ale runje tak w [&hellip;]<\/p>\n","protected":false},"author":32,"featured_media":7802,"parent":3087,"menu_order":0,"comment_status":"closed","ping_status":"closed","template":"archive-projekte_kw.php","meta":{"_acf_changed":false,"footnotes":""},"class_list":["post-6869","page","type-page","status-publish","has-post-thumbnail","hentry"],"acf":[],"_links":{"self":[{"href":"https:\/\/www.serbski-institut.de\/os\/wp-json\/wp\/v2\/pages\/6869","targetHints":{"allow":["GET"]}}],"collection":[{"href":"https:\/\/www.serbski-institut.de\/os\/wp-json\/wp\/v2\/pages"}],"about":[{"href":"https:\/\/www.serbski-institut.de\/os\/wp-json\/wp\/v2\/types\/page"}],"author":[{"embeddable":true,"href":"https:\/\/www.serbski-institut.de\/os\/wp-json\/wp\/v2\/users\/32"}],"replies":[{"embeddable":true,"href":"https:\/\/www.serbski-institut.de\/os\/wp-json\/wp\/v2\/comments?post=6869"}],"version-history":[{"count":4,"href":"https:\/\/www.serbski-institut.de\/os\/wp-json\/wp\/v2\/pages\/6869\/revisions"}],"predecessor-version":[{"id":17973,"href":"https:\/\/www.serbski-institut.de\/os\/wp-json\/wp\/v2\/pages\/6869\/revisions\/17973"}],"up":[{"embeddable":true,"href":"https:\/\/www.serbski-institut.de\/os\/wp-json\/wp\/v2\/pages\/3087"}],"wp:featuredmedia":[{"embeddable":true,"href":"https:\/\/www.serbski-institut.de\/os\/wp-json\/wp\/v2\/media\/7802"}],"wp:attachment":[{"href":"https:\/\/www.serbski-institut.de\/os\/wp-json\/wp\/v2\/media?parent=6869"}],"curies":[{"name":"wp","href":"https:\/\/api.w.org\/{rel}","templated":true}]}}

Slědźerske ćežišćo &#8220;Žiwjenske wašnja we Łužicy w 21. lětstotku&#8221;

<p>Žiwjenske wašnja etniskich mjeńšin steja w modernych towaršnosćach pod njemałym přiměrjenskim a asimilaciskim ćišćom. Fokus w slědźerskim ćežišću měri so před tutym pozadkom na dźensniše žiwjenske wašnja we wjacerěčnej Łužicy. Hospodarske, politiske a demografiske strukturne změny wjedu k elementarnemu přetworjenju wšědnych kulturnych praktikow. Tute změny njepokazuja so jenož w scenarijach pozhubjenja, ale runje tak w nowych strategijach zadomjenja a w kulturnych taktikach, z kotrymiž akterki a akterojo na změny w swojej žiwjenskej wokolinje reaguja (Trummer 2015: 140). Tuž hodźi so na mnohich městnach tež witalizacija resp. rewitalizacija mjeńšinowych kulturow spóznać.</p>
<p>Slědźerske ćežišćo staja tři centralne slědźerske prašenja do srjedźišća, kotrež su wšitkim přirjadowanym projektam imanentne: Kak konstituuje so dźensa wjesne serbske, bi- a wjacekulturne wšědne žiwjenje w swojej kompleksnosći? Kajke socialne mechanizmy přinošuja k (re-)witalizaciji serbskeje kultury a na kotre wašnje móža přisłušnicy mjeńšinowych kulturow sami k jeje zachowanju přinošować a jeje wuwiće wobwliwować?</p>
<p>rěčnikaj: <a href="https://www.serbski-institut.de/os/?post_type=mitarbeiter&#038;p=10825">dr. Anca Claudia Prodan</a>, <a href="https://www.serbski-institut.de/mitarbeiter/dr-fabian-jacobs/">dr. Fabian Jacobs</a></p>

<p>Žiwjenske wašnja etniskich mjeńšin steja w modernych towaršnosćach pod njemałym přiměrjenskim a asimilaciskim ćišćom. Fokus w slědźerskim ćežišću měri so před tutym pozadkom na dźensniše žiwjenske wašnja we wjacerěčnej Łužicy. Hospodarske, politiske a demografiske strukturne změny wjedu k elementarnemu přetworjenju wšědnych kulturnych praktikow. Tute změny njepokazuja so jenož w scenarijach pozhubjenja, ale runje tak w [&hellip;]</p>
